1367937?
9
What is the units digit of 223265941?
1
What is the hundred thousands digit of 6344702419?
7
What is the hundred millions digit of 1794121755?
7
What is the hundreds digit of 2768999?
9
What is the hundred thousands digit of 5574772944?
7
What is the tens digit of 955883348?
4
What is the ten thousands digit of 653719940?
1
What is the hundred thousands digit of 79162242?
1
What is the billions digit of 5162440017?
5
What is the hundreds digit of 3341647400?
4
What is the millions digit of 49107786?
9
What is the ten millions digit of 837784368?
3
What is the tens digit of 162605437?
3
What is the units digit of 50856643?
3
What is the ten millions digit of 6643434813?
4
What is the hundred thousands digit of 118287023?
2
What is the tens digit of 33567540?
4
What is the millions digit of 5372594?
5
What is the thousands digit of 12263712?
3
What is the hundred thousands digit of 168344738?
3
What is the billions digit of 1655681163?
1
What is the billions digit of 1108367777?
1
What is the tens digit of 93680855?
5
What is the units digit of 126264135?
5
What is the billions digit of 1872033931?
1
What is the hundreds digit of 35991791?
7
What is the millions digit of 28983884?
8
What is the hundred thousands digit of 1342374276?
3
What is the thousands digit of 51690814?
0
What is the ten thousands digit of 5219520765?
2
What is the ten thousands digit of 123131925?
3
What is the hundreds digit of 311200709?
7
What is the tens digit of 1735730723?
2
What is the hundreds digit of 44393847?
8
What is the hundreds digit of 1980250058?
0
What is the tens digit of 118209059?
5
What is the thousands digit of 49787565?
7
What is the units digit of 52005881?
1
What is the units digit of 684098326?
6
What is the units digit of 110515177?
7
What is the hundred millions digit of 529061298?
5
What is the hundreds digit of 134754461?
4
What is the hundreds digit of 2168369034?
0
What is the hundred thousands digit of 146697710?
6
What is the tens digit of 1640936122?
2
What is the ten thousands digit of 3118457267?
5
What is the ten thousands digit of 93413211?
1
What is the hundred thousands digit of 405312873?
3
What is the hundred thousands digit of 90187431?
1
What is the millions digit of 5483376593?
3
What is the thousands digit of 90478068?
8
What is the hundred thousands digit of 221366668?
3
What is the ten millions digit of 24821820?
2
What is the hundred millions digit of 499889976?
4
What is the hundred millions digit of 693412925?
6
What is the billions digit of 1593451576?
1
What is the ten millions digit of 19714712?
1
What is the ten thousands digit of 11800545?
0
What is the ten thousands digit of 290825153?
2
What is the hundred thousands digit of 201170847?
1
What is the millions digit of 382790720?
2
What is the hundreds digit of 1426246423?
4
What is the hundreds digit of 3423389?
3
What is the millions digit of 801817402?
1
What is the thousands digit of 16329251?
9
What is the units digit of 900419385?
5
What is the units digit of 54327415?
5
What is the units digit of 1537781225?
5
What is the units digit of 232646168?
8
What is the hundred thousands digit of 174552548?
5
What is the billions digit of 1379476167?
1
What is the units digit of 32168730?
0
What is the ten millions digit of 245372494?
4
What is the hundreds digit of 56548768?
7
What is the millions digit of 103484041?
3
What is the units digit of 10451496?
6
What is the millions digit of 35949862?
5
What is the thousands digit of 7822098?
2
What is the ten thousands digit of 93885694?
8
What is the hundred thousands digit of 5954480?
9
What is the millions digit of 42718061?
2
What is the hundred millions digit of 285816624?
2
What is the hundred millions digit of 735964813?
7
What is the thousands digit of 13073424?
3
What is the ten thousands digit of 50941086?
4
What is the ten thousands digit of 119306319?
0
What is the thousands digit of 36031220?
1
What is the hundred thousands digit of 64450580?
4
What is the ten millions digit of 77812653?
7
What is the ten thousands digit of 387622436?
2
What is the millions digit of 50405642?
0
What is the millions digit of 5162407642?
2
What is the hundred millions digit of 128705316?
1
What is the thousands digit of 61396600?
6
What is the ten thousands digit of 145245668?
4
What is the millions digit of 80476172?
0
What is the hundred millions digit of 4739952344?
7
What is the ten millions digit of 1237755306?
3
What is the tens digit of 273678719?
1
What is the millions digit of 379818360?
9
What is the millions digit of 14114719?
4
What is the thousands digit of 349185833?
5
What is the units digit of 2636893498?
8
What is the units digit of 313503946?
6
What is the hundreds digit of 524342108?
1
What is the tens digit of 7582950080?
8
What is the ten thousands digit of 5159828251?
2
What is the hundreds digit of 126518914?
9
What is the units digit of 6317835878?
8
What is the tens digit of 150068019?
1
What is the ten thousands digit of 375446190?
4
What is the hundred millions digit of 3047489936?
0
What is the tens digit of 174246409?
0
What is the billions digit of 3509032891?
3
What is the millions digit of 439184652?
9
What is the thousands digit of 4214399?
4
What is the units digit of 5304353?
3
What is the billions digit of 1937731892?
1
What is the hundred millions digit of 151024447?
1
What is the hundreds digit of 98965930?
9
What is the tens digit of 48803525?
2
What is the ten millions digit of 51672884?
5
What is the ten thousands digit of 231488216?
8
What is the hundreds digit of 1675366447?
4
What is the ten thousands digit of 5663737916?
3
What is the hundred thousands digit of 163125070?
1
What is the millions digit of 34803644?
4
What is the hundreds digit of 674146444?
4
What is the units digit of 33166764?
4
What is the thousands digit of 827061252?
1
What is the units digit of 922758012?
2
What is the hundreds digit of 52861044?
0
What is the hundred thousands digit of 3789073?
7
What is the hundred millions digit of 326094867?
3
What is the hundred millions digit of 1489647635?
4
What is the units digit of 44931379?
9
What is the hundreds digit of 48771027?
0
What is the thousands digit of 4303497686?
7
What is the units digit of 411172075?
5
What is the millions digit of 133487850?
3
What is the thousands digit of 10632690?
2
What is the ten thousands digit of 63722?
6
What is the ten millions digit of 113311576?
1
What is the hundred millions digit of 639319698?
6
What is the millions digit of 76851538?
6
What is the ten thousands digit of 78851963?
5
What is the millions digit of 470188721?
0
What is the millions digit of 18222721?
8
What is the thousands digit of 43679228?
9
What is the hundred millions digit of 112412570?
1
What is the millions digit of 54582272?
4
What is the ten millions digit of 52080580?
5
What is the millions digit of 2091684505?
1
What is the ten millions digit of 819446036?
1
What is the tens digit of 692311074?
7
What is the tens digit of 3932756944?
4
What is the tens digit of 510156428?
2
What is the thousands digit of 354127636?
7
What is the millions digit of 679616361?
9
What is the billions digit of 1075343529?
1
What is the ten millions digit of 95271583?
9
What is the hundred thousands digit of 55162562?
1
What is the ten thousands digit of 1103840?
0
What is the ten thousands digit of 351208590?
0
What is the hundred thousands digit of 138305640?
3
What is the hundred millions digit of 135918659?
1
What is the hundred millions digit of 421171410?
4
What is the ten millions digit of 4443698035?
4
What is the units digit of 61264579?
9
What is the tens digit of 341478545?
4
What is the millions digit of 6324815?
6
What is the units digit of 94953222?
2
What is the units digit of 2468869306?
6
What is the tens digit of 39612430?
3
What is the units digit of 3303147797?
7
What is the hundred thousands digit of 1304274351?
2
What is the millions digit of 762817039?
2
What is the ten millions digit of 3424433299?
2
What is the hundred millions digit of 5673029883?
6
What is the millions digit of 90765504?
0
What is the hundred thousands digit of 32083861?
0
What is the hundred thousands digit of 181263465?
2
What is the thousands digit of 522701